- 148 = 3*r - 5*r, j - 52 = -2*r. Let w be (7/(28/24))/(13/26). What is the highest common divisor of w and j?
12
Let d(h) = -2*h**3 + 16*h**2 - 23*h - 9. Let j be d(6). Let w(z) = -145*z + 25. Let m be w(j). What is the highest common divisor of m and 184?
92
Suppose 2*y + 145 = -h + 147, -4*y = 4*h + 8. What is the greatest common divisor of 1076 and y?
4
Suppose -2*u + 389 = 4*b - 657, -5*u = -b + 256. What is the greatest common divisor of 72 and b?
9
Let m(r) = -101*r**3 - 2*r**2 - 20*r - 22. Let l be m(-4). What is the highest common factor of 30 and l?
10
Suppose -20*a + 18*a = -10. Suppose -44 = -a*t + 9*t. Let s(y) = -2*y**2 - 27*y - 28. Let z be s(t). What is the greatest common factor of 6 and z?
3
Let j(c) = 571*c**3 + 2*c**2 - c. Let g be j(1). Suppose 4*a + 56 = o, 324 = 6*o - 5*a + 45. Calculate the greatest common divisor of g and o.
44
Suppose -g + 883 = -3*q, 124*g - 5*q = 119*g + 4365. What is the highest common factor of 28 and g?
28
Let y(v) = -443*v + 4029. Let k be y(9). What is the greatest common divisor of k and 4074?
42
Let d be (-135)/(-20)*-2*2*-1. Suppose -2*y = -d + 15. Suppose 0 = -3*q + y, -2*q + 364 = 2*o + 2*o. Calculate the greatest common factor of 10 and o.
10
Let n(p) = 587*p**2 + 152*p - 151. Let r be n(1). What is the greatest common divisor of 735 and r?
147
Let b be 1 - -2 - (-51)/3. Suppose 9*m = 11*m - b. Let t be ((-1208)/(-40) - 1) + 8/m. Calculate the highest common factor of t and 15.
15
Let q(x) = 14*x - 268. Let g be q(20). Let k be ((-28)/g + 1)*(5 + -23). What is the highest common divisor of 54 and k?
6
Let w be (-1 - -2)*(22 - 42). Let s be 100/(-20)*48/w. What is the highest common divisor of 228 and s?
12
Let s be 208/5 - (-2)/5. Suppose -85 = -2*m - 2*d + 107, -3*m = -5*d - 312. Suppose m*g - 28 = 97*g. What is the greatest common factor of s and g?
14
Let m be 6*6*7/126. Suppose -5*z = -2*u - 0*u + 41, -2*z + 6 = m*u. What is the highest common divisor of u and 152?
8
Let c(z) = 4*z**3 - 8*z**2 - 5*z - 337. Let x be c(11). Calculate the greatest common factor of x and 4.
4
Suppose 93*d = -51*d + 23184. Calculate the highest common divisor of d and 49.
7
Let a(m) = -2*m**2 - 20*m + 28. Let r be a(-11). What is the highest common divisor of r and 24?
6
Suppose c + 14344 + 13376 = 57*c. What is the highest common divisor of 297 and c?
99
Suppose -59 = -g + 7. Let u be (10 - (-117)/(-18))*86. Suppose 9*y + s - 392 = 5*y, -s = -3*y + u. What is the greatest common divisor of y and g?
33
Suppose -4*q + 661 = -119. Let m = -105 + q. Suppose -106 = -3*w + 2. What is the greatest common divisor of w and m?
18
Let i(s) be the second derivative of 7*s**4/12 + 23*s**3/2 + 7*s**2 + 60*s. Let j be i(-13). What is the greatest common divisor of j and 20?
20
Let b(h) = -219*h - 2178. Let r be b(-25). What is the greatest common divisor of 168 and r?
21
Let y be (2/(-50)*-65)/((4/20)/1). What is the greatest common divisor of 61 and y?
1
Let r = -11 - 8. Let f = -13 - r. Let i = -13957 + 13972. Calculate the highest common factor of f and i.
3
Let r be ((-924)/55)/((-2)/295). What is the highest common divisor of 63 and r?
21
Let j = -5411 + 5462. What is the highest common divisor of j and 17?
17
Suppose 6 = -35*c + 41*c. Let w(f) = -17*f - 5. Let h(j) = -j + 1. Let q(z) = -6*h(z) - w(z). Let n be q(c). Calculate the highest common factor of n and 2.
2
Let z = -44 - -98. Let q be (-436)/(-18) - (-2 + 120/z). Let t be ((-1)/(-2))/(3/108). Calculate the highest common factor of q and t.
6
Let a be (361900/(-2695))/((-4)/98). What is the highest common factor of a and 700?
70
Let n be 21150/(-175)*(0 + (-224)/6). Calculate the greatest common factor of n and 141.
141
Let w = 5560 + -3090. Calculate the greatest common divisor of w and 30.
10
Let c(l) = 15*l + 6 - 33 + 7 + 15 - l**3. Let r be c(-6). Suppose 159 + r = 7*y. What is the greatest common factor of y and 8?
8
Let k(t) = 19*t - 389. Let c be k(23). Let r(j) = -35*j**3 + 2*j**2 - 1. Let u be r(-1). Let n = u + 44. What is the greatest common factor of n and c?
16
Let l = -6041 + 6283. Calculate the highest common divisor of 7744 and l.
242
Let v = 76 + -40. Let p = v - 34. Suppose 171 = p*j + 7*j. What is the greatest common factor of j and 76?
19
Let r be 395/3 - ((-15)/(-9))/(-5). Suppose -6*i + 10*i - r = -4*g, -3*g - 5*i + 107 = 0. Let p = -21 + g. Calculate the greatest common factor of p and 16.
8
Suppose 274*p + 4018 = 281*p. Let u be 2/3*180/8. Suppose i = u*i - p. Calculate the greatest common factor of 82 and i.
41
Suppose 49 = -v + 54. Suppose -v*p - 2 + 12 = -5*r, -4*r - 11 = -5*p. Suppose -p*k + 5*n = -8, -3*k - 4*n = -n. What is the greatest common divisor of k and 1?
1
Let r(f) = -2*f**3 + 32*f**2 - 55*f + 2. Let b be r(14). Let t be 2/3*(-13 + 19). What is the greatest common divisor of b and t?
4
Let r = -252 + 257. Suppose -r*j - 5*n = -60, -9 + 6 = -n. Calculate the highest common factor of j and 72.
9
Let c(n) = -3*n**2 + 4*n - 16. Let y be c(-7). Let m = y - -311. Let o = m - 110. Calculate the highest common divisor of o and 40.
10
Let h(j) = -j**2 + 756*j + 14057. Let m be h(-18). Let w be (-746)/(-10) + (-2)/(-5). Calculate the highest common divisor of w and m.
25
Let w(b) = -200*b + 552. Let x be w(-2). Calculate the highest common factor of 756 and x.
28
Let f be (1 - 18/10)*-5. Suppose 0 = -5*b + 4*b + f. Let n(t) = 2*t**2 - 91*t - 216. Let d be n(48). Calculate the greatest common divisor of d and b.
4
Let o(c) = 152*c + 720. Let b be o(-3). What is the greatest common divisor of b and 165?
33
Let z be (230176/(-44))/(-4) - 108/(-594). Calculate the highest common divisor of z and 120.
12
Suppose -4*h + 8 = -4*i, -4*i + 9*i - h = 10. Suppose -5*c + 17 + 8 = 0, 3*y - i*c - 207 = 0. What is the greatest common factor of y and 111?
37
Suppose 3*s - 282 = -3*c + 6*c, -478 = -5*s - 3*c. What is the highest common divisor of 1710 and s?
95
Let f = -10949 + 10955. Calculate the greatest common factor of f and 1508.
2
Let k = -132 - -134. Suppose 6 = 2*v - k. What is the greatest common factor of v and 12?
4
Let v be (-24)/68 - 59304/(-408). Let x(a) = 28*a**2 - 2*a - 1. Let h be x(-1). Calculate the greatest common factor of h and v.
29
Suppose 0 = -8*j + 662 + 330. Suppose -j*x = -140*x + 1408. Let u be 0 + (0 + 1 - -21). What is the greatest common divisor of x and u?
22
Let n = -261 + -113. Let w be 33354/n + (-4)/(-22). Let f = 121 + w. Calculate the greatest common divisor of f and 32.
32
Let w be (-6656)/(-65) - (-3)/5. Suppose 2*b - w = 599. Let n = b - 230. What is the highest common divisor of n and 11?
11
Let w be (1/(-2))/(20/(-3120)). Suppose -5*u - u + w = 0. What is the highest common divisor of 299 and u?
13
Let x be (-10)/85 + 38364/391. Let m be (-392)/12*(-3)/2. What is the greatest common factor of m and x?
49
Let v = 55 + 120. Suppose -4*h = -5*h - 46. Let l = h + 81. Calculate the highest common factor of l and v.
35
Let q(c) = c**2 - 227*c + 1131. Let k be q(5). What is the highest common divisor of k and 1043?
7
Let p(d) = 6*d**2 + 6*d. Let v be p(-3). Let f = 439 + -259. Suppose 2*c - f = c. What is the highest common divisor of v and c?
36
Let j be 304/14 + (-12)/(-42). Let v = -119 + 131. Let b be (1 - v)/((-11)/(-1210)*-5). Calculate the highest common divisor of b and j.
22
Let f = 365 + -222. Suppose 2*j - f + 30 = -y, -3*j = 15. Let d(p) = -8*p - 7. Let g be d(-6). What is the greatest common factor of y and g?
41
Let j = 149 - 109. Suppose 5*s = -3*b + j, -5*s + 8*s + 4*b = 24. Calculate the greatest common factor of s and 104.
8
Suppose -s + 4 = 0, 4*h - 5*s + 16705 = 9*h. What is the greatest common divisor of 376 and h?
47
Let d be 15/(-12) - (7 - 5131/28). Let v = -116 - -50. Let f = -41 - v. What is the greatest common factor of d and f?
25
Suppose 0 = -4*g + 4*u + 192, u = -2*u. Let q be (-96)/28*(-448)/g. What is the highest common factor of q and 104?
8
Suppose 0 = -5*i, -2*v + i - 370 = -7*v. Suppose 5*f + 4*x = v, 2*f = 5*x - 2*x + 48. Calculate the highest common divisor of 576 and f.
18
Suppose 0*k - 2*k - n + 20 = 0, -k = n - 12. Let w be (k/10*60/(-24))/(-2). Calculate the highest common divisor of 27 and w.
1
Suppose -9*z = -23515 + 3931. Suppose -4*y = -5*g + g + z, -5*g - 